rs of -490*(20/35)/((-190)/3857).
2, 7, 29
Let n(o) = o**3. Let k(j) = -4*j**3 - 6*j**2 + 10*j. Let p(b) = -k(b) - 5*n(b). Let l be p(4). What are the prime factors of (-7)/4*((-24)/6 + l)?
3, 7
Let a(f) = 2*f**3 - f**2 - 2*f + 3. Let t(g) = g**2 + 2*g - 3. Let q be t(2). Suppose 4*w = q*b - 28, -b - 3*w = -8*w - 14. List the prime factors of a(b).
107
Let a(l) = 48*l - 139. Let n be a(3). Suppose 33*f - 2760 = -2*q + 31*f, q + n*f = 1388. List the prime factors of q.
2, 13, 53
Let l(g) = 329*g**3 - 30*g**2 + 78*g + 7. List the prime factors of l(3).
2, 19, 233
What are the prime factors of ((-208)/5)/((-271)/1355)?
2, 13
Let a(u) = -15*u**2 + 16 - 7*u + 16*u**2 - 9. List the prime factors of a(10).
37
Suppose 223*u - 218*u + 24235 = 4*h, -4*h = -2*u - 24238. What are the prime factors of h?
2, 3, 5, 101
Let f(z) be the second derivative of 507*z**5/20 + z**4/12 - z**3/3 + z**2/2 + 55*z - 1. List the prime factors of f(1).
3, 13
What are the prime factors of 2*(-2)/26 - (-39813114)/3146?
5, 2531
Let j(a) = 5*a**3 + 16*a**2 - 32*a + 14. Let t(g) = -11*g**3 - 33*g**2 + 64*g - 27. Let q(h) = 9*j(h) + 4*t(h). List the prime factors of q(-14).
2, 37
Suppose -8*n + 45 = 13. Suppose 4*a + 532 = o, -2637 = -n*o - o - 3*a. List the prime factors of o.
2, 3, 11
Let n = -668 + 676. Let g = 220 + n. What are the prime factors of g?
2, 3, 19
Let b(v) = v**2 - 2*v - 13. Let u be b(5). Let h(s) = -21 + 0*s**u - 25*s + 41*s - s**2. What are the prime factors of h(10)?
3, 13
Suppose -6*s - 2701 = -67. Let f = 257 - s. What are the prime factors of f?
2, 3, 29
Let v(k) = -939*k + 348. List the prime factors of v(-6).
2, 3, 997
Let m be 1343/68 - (-2)/(2*4). Suppose 14 - 4 = 2*y, m = 4*t + 4*y. Suppose t = 2*w - 16*w + 2800. What are the prime factors of w?
2, 5
Let g = -100 - -493. Suppose 3*n - g = 297. Let a = n + -48. What are the prime factors of a?
2, 7, 13
What are the prime factors of 34165/(-120)*-3 + (-5)/40?
2, 7, 61
Let u(o) = -o**3 - 10*o**2 + 11*o + 12. Let v = 243 - 256. What are the prime factors of u(v)?
2, 47
Let a(l) = -12870*l + 4440. What are the prime factors of a(-3)?
2, 3, 5, 7, 41
Let b be (7/(-21)*-1)/(4/8088). Let p = b + -238. List the prime factors of p.
2, 109
Let u(t) = 11*t**2 + 46*t + 2845. What are the prime factors of u(53)?
2, 79, 229
Let x be 7*2*4/28. Suppose 0 = -3*v + 3*s + x*s + 12, -4*s = v - 4. Suppose 3*o - 5*r - 415 = 0, -5*o + 941 - 274 = v*r. What are the prime factors of o?
3, 5
Let m be (15/2)/((-2)/(-4)). Let f be -3*5/m - -4. Suppose -5*a = f*s - 119, 20 = 3*a + 2*a. What are the prime factors of s?
3, 11
Suppose -34*h - 190466 + 3506174 = 32*h. List the prime factors of h.
2, 3, 2791
Let f = -4330 - -8595. What are the prime factors of f?
5, 853
What are the prime factors of -1528*711/(-216) - (-2)/(-3)?
47, 107
Suppose 4*h - 48130 = 2*d, 50*d = -4*h + 54*d + 48132. What are the prime factors of h?
2, 47
Suppose 18*c + 31 = 193. Suppose -2*a - 2*l = -2814, c*l + 5598 = 4*a + 7*l. What are the prime factors of a?
2, 701
Let o(b) = -b**3 + 6*b**2 + b - 1. Let x be o(6). Suppose x*p - 27 = -0*p - 3*u, p = 4*u + 10. List the prime factors of p.
2, 3
Let g(t) = 3*t - 23. Let z be g(25). What are the prime factors of -64*((-2)/8 + (-195)/z)?
2
Let y be 1 + (-50)/(-8) - (-18)/(-72). Suppose y*z - z = 3990. Suppose 0 = 4*c - 3*v - 875, -2*c - c + 4*v = -z. List the prime factors of c.
5, 43
Suppose -576098 = -144*t + 2905246. List the prime factors of t.
2, 1511
Let p(i) = 115*i - 9. Let l = -17 - -19. List the prime factors of p(l).
13, 17
Suppose -31*d = -30*d - 610. Suppose -a - d - 488 = -5*i, 1108 = 5*i + 4*a. Let s = i + -113. What are the prime factors of s?
107
Let k(h) = 30*h**3 - 8*h**2 - 37*h + 163. What are the prime factors of k(6)?
6133
Suppose 4*f = 31*m - 28*m - 530, 3*m - 533 = f. Suppose 8*v - 522 = 6*v. Let q = v - m. What are the prime factors of q?
83
Let f(b) be the second derivative of 2*b + 0 + 5/2*b**2 + 5/4*b**4 + 5/6*b**3. What are the prime factors of f(-4)?
3, 5
Suppose 9*y - 3*y + 4*y - 96920 = 0. List the prime factors of y.
2, 2423
Let m = 13166 + -7109. What are the prime factors of m?
3, 673
Let f = 962 - 574. Suppose f + 442 = 10*h. Let o = h + -69. List the prime factors of o.
2, 7
Suppose -3*m + 600*x + 1753 = 599*x, x - 1757 = -3*m. List the prime factors of m.
3, 5, 13
Let p(b) = 21*b + 3 + 3 + b**3 - 32*b + 11*b**2. Let i be p(-12). List the prime factors of (-288)/60*(1 + i).
2, 3
Let i(l) be the first derivative of l**4/4 - 4*l**3/3 - 13*l + 31. Let q be i(5). Let n = 84 + q. What are the prime factors of n?
2, 3
Let d(g) = -g**3 - 4*g**2 + 12*g - 9. Let r be (-1 - -1) + (-2 - -4). Let j be (0 - (-42)/(-9))/(r/3). List the prime factors of d(j).
2, 3
Let t(y) = -43 - 23*y - 23 - 4*y. List the prime factors of t(-10).
2, 3, 17
Let d(w) be the third derivative of -211*w**6/60 + w**5/60 + w**4/12 - 47*w**2. List the prime factors of d(-1).
421
Let z = 193 + -199. Let g(v) = 8*v**2 + 3*v + 5. What are the prime factors of g(z)?
5, 11
Let i(n) = 2*n**2 + 26*n + 24. Let x be i(-12). Suppose -h - 202 = -3*h. Suppose y - 29 - h = x. List the prime factors of y.
2, 5, 13
Suppose 6*m + 3403 = 21259. List the prime factors of m.
2, 3, 31
Suppose 0*q + q = 0, 2*v + q = -1288. Let m = v - -904. Suppose -m = -6*r + 2*r. What are the prime factors of r?
5, 13
Let y(m) = m + 12. Let z be y(0). List the prime factors of 21*(-1 + 344/z).
7, 83
Let o be 2*(-14005)/25*10/4. What are the prime factors of 1*(o/(-8) - 12/96)?
2, 5, 7
Suppose 0 = -4*v + 3*n + 31591, 3*v - 22669 = 2*n + 1023. List the prime factors of v.
2, 3947
Let y(k) = 269*k + 612. List the prime factors of y(9).
3, 337
Suppose 974016 = 71*s + 81*s. What are the prime factors of s?
2, 3, 89
Suppose -2*u = 2*d - 0*d - 13802, 2*u + 8 = 0. List the prime factors of d.
5, 1381
Let u be 4/(3/((-3)/(-4))). What are the prime factors of 3/(-12)*u + 1341/4?
5, 67
Let y = 15958 + 974. List the prime factors of y.
2, 3, 17, 83
Suppose -7*y = -27627 - 43668. List the prime factors of y.
3, 5, 7, 97
Let u(d) = d**3 + 66*d**2 - 235*d - 229. List the prime factors of u(-68).
7, 929
Suppose -7*y + 14*y - 14 = 0. Let m(s) = 4*s - 27*s**y + 146 - 148 - 2*s**3 - 23*s. What are the prime factors of m(-13)?
2, 19
Let t be (6/6)/((-2)/(-2)). Suppose 101*d = 113*d - 312. What are the prime factors of t - (-6634)/d - (-10)/(-65)?
2
Let r(g) = -7*g + 242. Let x = 190 + -190. List the prime factors of r(x).
2, 11
Let l = 6287 - 776. What are the prime factors of l?
3, 11, 167
Suppose -3*y - 22 = -28. Suppose 2*j + 893 = y*f + j, -1791 = -4*f - 3*j. List the prime factors of f.
3, 149
Let f = 1159 - 1048. List the prime factors of f.
3, 37
Let o be (-12)/(-8)*(-5 + 7). Suppose 189 = l - 5*s, -o*s + 7*s = -16. Suppose -a + l = 3*t + a, -3*t - 4*a = -167. List the prime factors of t.
3, 19
Let m be (((-273330)/8)/15)/((-3)/4). Let b = m + -2076. What are the prime factors of b?
31
Let n(i) = -583*i + 148. Let y be n(-4). Suppose 4*b - 2012 = 4*f, -2*f + y = 8*b - 3*b. List the prime factors of b.
2, 3, 83
Let h be 171/(-38)*(-8)/12. Let r(o) = 40*o + 105. List the prime factors of r(h).
3, 5
Suppose -4 = -4*r - q, 0 = 2*q - 3*q + 4. Suppose -23*y + 51*y - 49168 = r. What are the prime factors of y?
2, 439
Suppose 0 = 5*z - 1496 - 969. Suppose z = d + 89. Suppose 198 = 14*v - d. List the prime factors of v.
43
Suppose 0 = g + 15 - 10, -4*g = 4*l + 1636. Let s = l - -1734. List the prime factors of s.
2, 5, 7, 19
Let c(a) = a**3 - 18*a**2 - 4*a - 44. Suppose 5*o - 85 = 70*w - 65*w, o - 33 = -3*w. List the prime factors of c(o).
5, 239
Suppose -3*i + 3862 = -n + 33462, -5*i + 118383 = 4*n. What are the prime factors of n?
17, 1741
Let p(g) = g**3 + 30*g**2 - 60*g - 102. Let l be p(-32). Suppose b + b = 938. Let h = b + l. List the prime factors of h.
239
Suppose -10059*v + 10053*v = -27126. What are the prime factors of v?
3, 11, 137
Let c(t) = t - 80. Let y be c(14). Suppose -3*x - 267 = -2*n, 0*n + 132 = n - 2*x. Let b = y + n. List the prime factors of b.
2, 3
Let c(l) = 443*l**2 - 21*l + 1. What are the prime factors of c(-10)?
3, 37, 401
Let w = 58805 - 27441. List the prime factors of w.
2, 7841
Let m = 8 - 11. What are the prime factors of (10/3)/(-3